at is the thousands digit of 172807?
2
What is the units digit of 14577460?
0
What is the units digit of 3606388?
8
What is the ten thousands digit of 34698609?
9
What is the thousands digit of 159105?
9
What is the millions digit of 1712746?
1
What is the hundreds digit of 12081163?
1
What is the ten thousands digit of 6385516?
8
What is the thousands digit of 157715?
7
What is the units digit of 15047803?
3
What is the hundred thousands digit of 226807?
2
What is the units digit of 1011649?
9
What is the thousands digit of 225278?
5
What is the ten millions digit of 14476747?
1
What is the hundreds digit of 436519?
5
What is the tens digit of 2274465?
6
What is the thousands digit of 44830?
4
What is the tens digit of 7452447?
4
What is the tens digit of 251791?
9
What is the tens digit of 1857663?
6
What is the tens digit of 401523?
2
What is the ten thousands digit of 96736?
9
What is the units digit of 2635818?
8
What is the units digit of 154013?
3
What is the hundreds digit of 9915600?
6
What is the ten thousands digit of 94239?
9
What is the units digit of 11961941?
1
What is the millions digit of 3892814?
3
What is the tens digit of 21388486?
8
What is the thousands digit of 4374297?
4
What is the units digit of 9095131?
1
What is the thousands digit of 114438?
4
What is the units digit of 1803149?
9
What is the ten thousands digit of 1193704?
9
What is the hundreds digit of 5063051?
0
What is the thousands digit of 234786?
4
What is the millions digit of 4092490?
4
What is the units digit of 6879307?
7
What is the tens digit of 788819?
1
What is the thousands digit of 4319701?
9
What is the hundreds digit of 172265?
2
What is the millions digit of 2553162?
2
What is the ten thousands digit of 987427?
8
What is the units digit of 1725541?
1
What is the hundreds digit of 574095?
0
What is the hundreds digit of 6354952?
9
What is the ten thousands digit of 2364987?
6
What is the units digit of 748926?
6
What is the tens digit of 543172?
7
What is the hundreds digit of 24302583?
5
What is the hundred thousands digit of 463834?
4
What is the units digit of 83379?
9
What is the millions digit of 1862424?
1
What is the units digit of 1397762?
2
What is the hundreds digit of 257412?
4
What is the units digit of 21299540?
0
What is the ten thousands digit of 207119?
0
What is the thousands digit of 92194?
2
What is the ten thousands digit of 2123190?
2
What is the tens digit of 6349489?
8
What is the hundred thousands digit of 1267752?
2
What is the units digit of 13322149?
9
What is the millions digit of 9284039?
9
What is the tens digit of 794021?
2
What is the hundred thousands digit of 29860727?
8
What is the hundreds digit of 944335?
3
What is the hundreds digit of 210680?
6
What is the hundreds digit of 684675?
6
What is the hundreds digit of 352006?
0
What is the tens digit of 34462888?
8
What is the thousands digit of 9849369?
9
What is the tens digit of 3431570?
7
What is the units digit of 133657?
7
What is the ten thousands digit of 321057?
2
What is the hundreds digit of 309774?
7
What is the tens digit of 16030632?
3
What is the hundred thousands digit of 1137768?
1
What is the tens digit of 186818?
1
What is the units digit of 5803205?
5
What is the thousands digit of 426056?
6
What is the hundred thousands digit of 399003?
3
What is the thousands digit of 286854?
6
What is the ten thousands digit of 12863769?
6
What is the hundred thousands digit of 164658?
1
What is the hundred thousands digit of 225283?
2
What is the hundred thousands digit of 33060746?
0
What is the ten thousands digit of 384579?
8
What is the ten thousands digit of 260257?
6
What is the tens digit of 85041?
4
What is the thousands digit of 34735?
4
What is the hundred thousands digit of 6427470?
4
What is the thousands digit of 94692?
4
What is the millions digit of 1371505?
1
What is the ten thousands digit of 403617?
0
What is the ten thousands digit of 41519?
4
What is the hundred thousands digit of 145173?
1
What is the thousands digit of 2010357?
0
What is the units digit of 269232?
2
What is the units digit of 33345?
5
What is the tens digit of 196926?
2
What is the hundred thousands digit of 2532735?
5
What is the hundreds digit of 13556277?
2
What is the ten thousands digit of 535116?
3
What is the ten millions digit of 13791527?
1
What is the hundreds digit of 581016?
0
What is the hundred thousands digit of 703795?
7
What is the hundred thousands digit of 203269?
2
What is the units digit of 70228?
8
What is the tens digit of 35220154?
5
What is the ten thousands digit of 108955?
0
What is the tens digit of 244857?
5
What is the ten thousands digit of 105975?
0
What is the hundreds digit of 201629?
6
What is the tens digit of 450125?
2
What is the units digit of 4682497?
7
What is the ten thousands digit of 295540?
9
What is the thousands digit of 483839?
3
What is the thousands digit of 260158?
0
What is the millions digit of 3394588?
3
What is the tens digit of 13676092?
9
What is the hundred thousands digit of 2374007?
3
What is the hundred thousands digit of 117332?
1
What is the tens digit of 28051?
5
What is the tens digit of 363294?
9
What is the thousands digit of 11064088?
4
What is the thousands digit of 1263944?
3
What is the hundreds digit of 26335?
3
What is the hundred thousands digit of 2099293?
0
What is the tens digit of 3565776?
7
What is the thousands digit of 6469551?
9
What is the ten thousands digit of 13855091?
5
What is the millions digit of 1921931?
1
What is the millions digit of 4652098?
4
What is the hundreds digit of 5656149?
1
What is the millions digit of 5326872?
5
What is the units digit of 3745424?
4
What is the tens digit of 806374?
7
What is the tens digit of 409725?
2
What is the ten millions digit of 12877800?
1
What is the thousands digit of 1111837?
1
What is the millions digit of 2831879?
2
What is the ten thousands digit of 200792?
0
What is the thousands digit of 265853?
5
What is the units digit of 2764144?
4
What is the hundreds digit of 70443?
4
What is the units digit of 720257?
7
What is the thousands digit of 11429557?
9
What is the ten thousands digit of 2626382?
2
What is the hundred thousands digit of 696921?
6
What is the units digit of 6935955?
5
What is the units digit of 189726?
6
What is the ten thousands digit of 940265?
4
What is the units digit of 11058?
8
What is the hundred thousands digit of 17159170?
1
What is the thousands digit of 608497?
8
What is the hundreds digit of 998431?
4
What is the tens digit of 8057537?
3
What is the tens digit of 1139150?
5
What is the hundred thousands digit of 611229?
6
What is the hundreds digit of 10869796?
7
What is the hundred thousands digit of 711450?
7
What is the tens digit of 6846633?
3
What is the hundred thousands digit of 359603?
3
What is the thousands digit of 136124?
6
What is the thousands digit of 103198?
3
What is the hundred thousands digit of 685260?
6
What is the hundreds digit of 6926295?
2
What is the units digit of 77045?
5
What is the tens digit of 3512890?
9
What is the hundreds digit of 254220?
2
What is the tens digit of 172130?
3
What is the hundred thousands digit of 3717049?
7
What is the hundred thousands digit of 645406?
6
What is the hundred thousands digit of 1232269?
2
What is the ten thousands digit of 457782?
5
What is the units digit of 396671?
1
What is the thousands digit of 3603719?
3
What is the units digit of 2718256?
6
What is the ten thousands digit of 8910124?
1
What is the ten thousands digit of 473383?
7
What is the tens digit of 2681616?
1
What is the hundreds digit of 295764?
7
What is the ten thousands digit of 695579?
9
What is the thousands digit of 123489?
3
What is the units digit of 2960240?
0
What is the ten thousands digit of 3678877?
7
What is the units digit of 2463590?
0
What is the units digit of 130443?
3
What is the ten thousands digit of 794262?
9
What is the hundreds digit of 279491?
4
What is the hundred thousands digit of 395410?
3
What is the tens digit of 11910264?
6
What is the units digit of 4935003?
3
What is the units digit of 212118?
8
What is the hundreds digit of 2807156?
1
What is the hundreds digit of 2878151?
1
What is the thousands digit of 1833129?
3
What is the uni